se
Let z = -13282 + 24959. Is z a composite number?
False
Let c = -16 + 18. Let d(s) = -s**3 + 11 + 16*s**2 - s**c - 82*s + 100*s. Is d(13) a prime number?
False
Let v = 43 + -42. Is ((-65)/13)/(v/(-251)) a composite number?
True
Let r be 46/4 - ((-54)/(-12) + -4). Suppose q + 5*v = 3*q - r, -87 = -4*q - 3*v. Suppose q*y - 7513 = 7*y. Is y prime?
True
Let j(u) = u**2 - 3*u - 2. Let i be j(4). Let b(z) = 7*z - 11. Let t be b(i). Suppose 13 - 52 = -t*n. Is n a composite number?
False
Suppose -520278 = 18*l - 2153112. Is l a composite number?
True
Is (-21)/9*1 + (86350440/(-36))/(-19) prime?
True
Let s = 10 - -8. Let w = 28 - s. Suppose 0 = 12*c - w*c - 142. Is c a composite number?
False
Suppose -1189 = 4*v + 3*j, 9 = 3*j - 6. Let f be (-8)/(-12) + v/(-21). Is (3935/f)/(2/6) a composite number?
False
Suppose q + 427 = -3*t - 4197, 4*q - 1563 = t. Let l = 2342 + t. Is l prime?
False
Let z(x) = 2*x - 11. Let n be z(7). Suppose n*h - 18 = -3*m, 3*h + 3 = 8*h - 4*m. Suppose h*k - 189 = 192. Is k composite?
False
Let f(j) = 13*j**2 + 283*j + 139. Is f(-43) a composite number?
False
Let s be ((-12)/(-4) + 33/(-6))*-2. Suppose -s*g - 36048 = -11*g. Suppose g = 5*z - 2987. Is z composite?
True
Suppose -16*p + 21*p - 461204 = -4*s, 4*s - 3*p - 461204 = 0. Is s composite?
False
Let s(k) = 3*k**3 + 24*k**2 + 80*k + 42. Is s(49) a prime number?
False
Let y(b) = -b**2 + 6*b + 5. Let j be y(6). Let t(x) = -5*x + 582*x**2 - 2*x - 477*x**2 + j. Is t(4) a composite number?
False
Let b = -1330 - -6767. Is b a prime number?
True
Let d(a) = a**2 + 20*a - 29. Let t be d(-22). Suppose 0 = t*v - 25989 + 8724. Is v a composite number?
False
Suppose 68*r + 5*r = 10681579. Is r composite?
False
Let s be 5833 + (-1*20)/(-4). Suppose 0 = 3*u - 5*a - s, -2*u + 6*a - 5*a = -3885. Is u a composite number?
True
Suppose 18*j - 1609580 - 3562029 = 1030435. Is j prime?
False
Let d = 241133 - -427046. Is d prime?
True
Let u(z) be the first derivative of -z**4/4 - 8*z**3/3 - 11*z**2/2 - 7*z + 13. Let b = 43 + -50. Is u(b) prime?
False
Suppose -2*x + 231754 = 5*k, -59248 = -k - 2*x - 12902. Suppose -10*z = -6*z - k. Suppose 3*d = b + 8683, 4*d = -0*b + 4*b + z. Is d a composite number?
True
Let t = -5 - -8. Suppose 2*o + 0*q = 4*q + 16, -12 = 5*o + t*q. Suppose -d = -3*c + 53, -2*c - 4*d = -o*c - 54. Is c prime?
True
Let m = -301 - -312. Suppose m*k - 17150 - 18721 = 0. Is k composite?
True
Suppose 0 = 5*i + 4*w - 162331, 2*w - 9754 - 87645 = -3*i. Is i prime?
True
Suppose -74 = -3*h - 20. Suppose -15*u + h*u - 14163 = 0. Is u a composite number?
False
Suppose 0 = -3*i - s + 1313025, -4*s - 1313055 = 35*i - 38*i. Is i a prime number?
True
Let l = -5057 + 8886. Let s = 3249 + l. Is s composite?
True
Let d = 333809 + -230950. Is d composite?
False
Let r(o) = -3909*o**2 - 2*o. Let f(k) = 3908*k**2 + k. Let a(t) = 4*f(t) + 3*r(t). Is a(-1) prime?
True
Let p(m) = m**2 + m + 38. Suppose 0 = -4*l - 3*l + 105. Is p(l) a composite number?
True
Suppose -4*s = 0, -2*o + 35 = 3*o - 5*s. Suppose -16388 - 23526 = -o*j. Is j composite?
True
Suppose -23861 = 8*z - 85109. Suppose -2*m + 4*m - 3*t = z, -5*m = t - 19157. Suppose -24*o - m = -27*o. Is o a prime number?
True
Suppose 3*o - 165 = d, -d = 3*o + 3*d - 150. Let z = -49 + o. Suppose -5*r + b - 2*b = -4600, 0 = z*r + 5*b - 4620. Is r composite?
False
Let a = 10 - -10. Let r(i) = -a + 8 - 5 + 147*i. Is r(5) a composite number?
True
Let o = 152160 + -26347. Is o composite?
False
Is (2693*(-2)/6)/((-2152)/(-120) - 18) a composite number?
True
Suppose -55*v - 21*v + 19002052 = 0. Is v composite?
False
Is 2322 - (8 - 185/25 - (-2)/5) composite?
True
Suppose 5*k = 3*z - 915 - 258, -4*z = k - 1518. Is z a composite number?
True
Let o(l) be the second derivative of -l**3/6 + 10*l**2 + l. Let q be o(20). Suppose -4*i - 3*h + 6173 = q, -6*i - 4*h = -2*i - 6176. Is i a composite number?
True
Suppose 29*m - 38*m = -45. Suppose -5*k + m*w + 1290 = 0, 2*k - w = 4*w + 528. Is k a prime number?
False
Suppose -4*p + 16228 - 2518 = 2*n, 4*n + 4*p = 27416. Let h = n + -3649. Is 4/8 + -4 + h/8 a prime number?
True
Let r(f) = -f**3 + 14*f**2 - 12*f - 8. Let t be 28/(-8)*(2 + -4). Is r(t) a composite number?
False
Let u be (2*-1)/4*1154. Suppose 4*k - 3567 = -3*q, 0 = -2*k - 3*q + 4*q + 1791. Let l = u + k. Is l prime?
True
Suppose -3*u + 932295 = -3*h, -u + 3*h + 1553837 = 4*u. Is u prime?
True
Suppose 9922 = 6*w - 11972. Is w composite?
True
Let r = -8 + 11. Let t be (-1)/(-1 - (1 - r)). Is t/(-2*(-3)/(-2454)) composite?
False
Suppose 3*m = -d + 52627, d - 20027 - 50143 = -4*m. Is m prime?
False
Suppose -8*x + 22550 = -3*x. Let j = x - 2304. Is j a prime number?
False
Suppose 5*d - t - 274745 = 305820, 0 = -4*d + 4*t + 464452. Is d prime?
True
Suppose 0 = -4*b - 5*i + 5 + 1, -3*b + 8 = 2*i. Let a = -1715 - -3508. Suppose -4*q + 3540 = b*m, a = 2*q - 4*m + 11. Is q prime?
True
Let g(o) = -o**2 - 7*o + 23. Let f be g(-13). Let b = f + 108. Is b a prime number?
True
Suppose 0 = 3*d + 5*s - 17, -s - 1 = -2*s. Is (-64141)/(-28) + d/16 composite?
True
Suppose -b - 4*v = -150805, 1246*b + 150805 = 1247*b - 5*v. Is b a composite number?
True
Let r = 1779 + -672. Suppose -5*k - r = -2*k. Let f = 50 - k. Is f prime?
True
Let z(a) = -316*a + 1. Let s be (-150)/(-39) - 4/(-26). Suppose 0 = s*p - 4 + 8. Is z(p) composite?
False
Let x be 1/((28/152)/(-7)). Let c = -35 - x. Suppose -688 = -c*q - 199. Is q a prime number?
True
Suppose 3*i = x + 209545, 53*x = 54*x + 4. Is i a composite number?
False
Let x(t) = 39874*t**2 + 776*t + 5. Is x(-6) prime?
True
Suppose 473 + 63 = 8*i. Suppose 4*d = -n + i, 4*n - 139 = d + 180. Is n a composite number?
False
Let h = 8 + -4. Suppose h*a = -0*a - 8. Is (52/39)/(a/(-21)) a prime number?
False
Let k be (17 - -1)*10/(-15). Let g be (k/15)/((-6)/30). Is (-4948)/(-28) - g/(-14) a prime number?
False
Suppose 17*a - 13*a - 20668 = 0. Is a a prime number?
True
Let w be (-18)/12*16/(-12). Let s(x) = 1624*x**2 + 7. Is s(w) a composite number?
True
Let c(v) = v + 17. Let y be c(-9). Suppose y*w - 19408 = -8*w. Is w a composite number?
False
Let t be (18/7)/(170/595). Suppose t*p = 22085 - 6308. Is p prime?
True
Suppose 0 = -83*u + u + 13956154. Is u composite?
False
Let d be (9/(-6))/(-3)*30. Suppose 0 = -11*v + d*v - 72. Suppose 794 = 20*o - v*o. Is o a prime number?
True
Suppose 58*g = 6998643 - 1553208 + 2058431. Is g prime?
False
Suppose r - 20 = 3*d, -5*d + 3 = -5*r + 53. Suppose 0 = -5*p - 3*x + 6712, 33*x - r = 38*x. Is p a composite number?
True
Let t(z) = -85*z - 14. Let r be t(5). Let p = 1000 - -80. Let o = p + r. Is o a composite number?
False
Is (-2)/(752624/752656 + (1 - 2)) a composite number?
False
Suppose -1160 = -8*i + 3*i. Suppose 11*b = 15*b + i. Let w = 135 + b. Is w prime?
False
Let u(x) = -x**3 + 4*x**2 - 7. Let j be u(3). Suppose r - j*r + 18431 = 3*k, 5*k - 2*r = 30733. Let v = k + -3438. Is v prime?
True
Let m(o) = 1432*o**2 + 3*o + 237. Is m(-6) a prime number?
False
Suppose -5*n - 12680 = -3*t, -4*t + 21160 = t + 5*n. Suppose 8*k - 6898 = t. Let g = k - -176. Is g a composite number?
False
Let z = 10 + -7. Suppose 0 = -3*h + n + 1138, z*h = n - 3*n + 1135. Is h composite?
False
Suppose 5*q + 31*a - 2925593 = 32*a, 4*a - 1170246 = -2*q. Is q a composite number?
False
Suppose 1670 = -5*b - 0*b. Let s = b - -2415. Is s a composite number?
False
Let n(l) be the second derivative of l**5/20 - l**4/12 - 2*l**3/3 + 331*l**2/2 - 12*l. Is n(0) prime?
True
Suppose 2*z - 725979 = -5*v - 150972, -575012 = -2*z - 6*v. Is z composite?
False
Let f(g) = -3*g**3 + g**2 - 2*g - 4. Let r be f(-1). Suppose -2*c = -8, r*c - c = -2*j + 52286. Is j a prime number?
True
Let i = -34 - -41. Suppose 18*b - i*b = 23331. Suppose 4*o + 2*r - 10641 = -o, 4*r - b = -o. Is o composite?
False
Let u(r) = 356*r - 1. Let c be u(1). Suppose -222*z + 231*z - 18 = 0. Suppose v = z*v - c. Is v a prime number?
False
Suppose -9*a + 279 - 126 = 0. Let m(o) = o**2 - 11*o - 51. Let u(s) = s. Let z(i) = -m(i) + 5*u(i). Is z(a) a prime number?
False
Suppose z = 8 - 6. Suppose -3*h = -r + 1205, z*r + 5*h - 5925 = -3*r. Suppose -2*s + 4152 = r. Is s composite?
False
Let v = 63 - 35. Let q = v + -21. Is 1*q/(14/678) a composite number?
True
Suppose 191 = -2*n - 525. 